
20
Let k(p) = 58*p**3 - 17*p**2 + 21*p + 30. What is k(2)?
468
Let z(o) = -o**2 + 226*o - 8026. What is z(44)?
-18
Let b(s) = -11*s**2 + 204*s - 34. What is b(17)?
255
Let l(g) = -92*g**3 + g**2 + 13*g + 13. Determine l(-1).
93
Let o(b) = 9*b**2 - 7983*b + 31899. Determine o(4).
111
Let r(f) = -f**3 + 28*f**2 + 543*f - 9354. Determine r(17).
3056
Let o(f) = -f**3 + 160*f**2 + 386*f - 10044. Give o(162).
0
Let j(t) = t**3 + 19*t**2 - 343*t + 33. Determine j(11).
-110
Let k(q) = 3*q**3 + 1741*q**2 - 1106*q + 32654. Determine k(-581).
118
Let p(s) = -7656*s - 53672. Determine p(-7).
-80
Let u(v) = 19*v**3 + 147*v**2 - 30*v + 9. Give u(-7).
905
Let p(n) = -21008*n + 4789818. What is p(228)?
-6
Let v(u) = -1258224*u + 6291129. What is v(5)?
9
Let l(w) = 5834*w - 123238. Calculate l(21).
-724
Let m(h) = 1663*h - 14962. Calculate m(9).
5
Let o(k) = 8*k**3 - 181*k**2 + 691*k - 460. Calculate o(18).
-10
Let c(p) = -32*p**2 - 406*p - 39. Give c(-13).
-169
Let s(f) = -4*f**3 + 50*f**2 - 127*f - 4. Determine s(9).
-13
Let l(r) = -30*r**3 - 501*r**2 + 152*r - 22. Calculate l(-17).
-5
Let h(l) = 38571*l - 38565. Determine h(1).
6
Let l(z) = -9*z**3 + 182*z**2 + 27*z + 38. Determine l(20).
1378
Let p(x) = -38050*x + 1712253. Determine p(45).
3
Let h(t) = -t**3 + 864*t**2 + 8470*t + 1010612. Give h(875).
-13
Let i(h) = -73*h**3 - 3*h**2 + 6*h + 9. Give i(-1).
73
Let i(y) = -86*y**2 - 437*y - 38. What is i(-5)?
-3
Let i(c) = -3805*c + 10265. Calculate i(3).
-1150
Let j(h) = -h**2 - 78114*h - 937201. Calculate j(-12).
23
Let c(b) = 11657*b**2 - 23251*b + 2. Determine c(2).
128
Let f(m) = -970*m**2 + 31038*m - 25. What is f(32)?
-89
Let o(m) = -448*m**2 - 31*m + 1. Determine o(-1).
-416
Let r(y) = -15502*y - 511585. Give r(-33).
-19
Let x(r) = 10902*r + 12308352. What is x(-1129)?
-6
Let b(s) = 44123*s - 954. Give b(0).
-954
Let b(f) = 238519*f + 2623722. Calculate b(-11).
13
Let t(y) = -86*y**2 + 2048*y - 82. Give t(23).
1528
Let r(j) = 237*j + 17536. Determine r(-84).
-2372
Let a(s) = 8622*s + 8505. Calculate a(-1).
-117
Let r(j) = 200*j**3 + 71*j**2 + 218*j - 8. What is r(-3)?
-5423
Let j(m) = 6*m**3 - 9*m**2 + 172*m - 614. What is j(4)?
314
Let j(l) = l**2 - 65*l - 33940. Calculate j(-153).
-586
Let h(i) = 5615*i**3 + 609*i**2 + 607*i - 2. Calculate h(-1).
-5615
Let q(v) = 7*v**2 - 247*v + 71. Determine q(31).
-859
Let q(i) = -10*i**2 + 1535*i - 765. Determine q(153).
0
Let x(r) = -5*r**2 - 616*r + 1769. Calculate x(-126).
5
Let t(l) = -l**2 + 57*l + 3813. Determine t(97).
-67
Let w(i) = 7*i**3 + 15*i**2 - 91*i - 129. What is w(-4)?
27
Let u(g) = 33*g**2 - 3385*g - 1450. Give u(103).
-8
Let c(s) = 3*s**2 - 596*s - 1191. Determine c(-2).
13
Let b(w) = -153155*w - 7964049. Give b(-52).
11
Let f(j) = j**2 + 24*j - 4838. Give f(62).
494
Let d(v) = v**3 - 15*v**2 - 214*v + 2412. Give d(9).
0
Let x(l) = -9*l**2 - 12949*l + 143528. Determine x(11).
0
Let a(r) = 113*r - 1553. Determine a(37).
2628
Let x(l) = l**2 + 51*l + 189. What is x(-22)?
-449
Let g(u) = 1111*u - 4431. What is g(4)?
13
Let u(j) = j**3 + 39*j**2 - 707*j - 24413. What is u(-42)?
-11
Let r(k) = 131*k + 2471. Determine r(-10).
1161
Let x(i) = -2864*i - 12515. What is x(-5)?
1805
Let f(h) = -h**2 - 11189*h + 381659. Determine f(34).
77
Let d(u) = u**3 + 37*u**2 - 111*u + 209. Give d(-39).
1496
Let j(b) = 4*b**2 + 87*b - 1543. Calculate j(18).
1319
Let q(l) = 193263*l - 1546087. Determine q(8).
17
Let p(u) = -2*u**3 + 26*u**2 - 205*u + 1323. Calculate p(9).
126
Let y(v) = 3*v**3 - 5581*v**2 - 27962*v + 82. Determine y(-5).
-8
Let u(d) = 4*d**3 - 1156*d**2 - 1144*d - 4638. What is u(290)?
2
Let i(k) = -37*k**3 - 235*k**2 - 80*k - 22. What is i(-6)?
-10
Let w(y) = 3*y**3 + 245*y**2 - 326*y + 162. Calculate w(-83).
-336
Let t(b) = 22*b**2 - 64306*b - 128622. What is t(-2)?
78
Let y(t) = 5*t**2 + 61*t + 136. Give y(-3).
-2
Let i(u) = -36478*u - 3137089. Determine i(-86).
19
Let s(v) = -2252*v**2 + 6664*v + 281. What is s(3)?
5
Let s(n) = -n**3 - 36*n**2 - 205*n - 151. Determine s(-29).
-93
Let o(d) = -d**3 - 138*d**2 + 207*d - 10093. What is o(-140)?
127
Let h(p) = -13428*p - 66528. What is h(-5)?
612
Let a(w) = -w**3 - 895*w**2 + 44272*w + 92. Determine a(47).
-2
Let q(o) = -o**2 - 20981*o + 188929. Give q(9).
19
Let s(k) = 8*k**3 + 69*k**2 - 3*k - 86. Give s(-10).
-1156
Let x(n) = n**2 - 10117*n - 3082237. What is x(-296)?
11
Let p(k) = 126995*k + 253909. What is p(-2)?
-81
Let h(p) = -6*p**3 - 734*p**2 - 249*p - 365. Calculate h(-122).
245
Let h(g) = -4*g**3 - 16*g**2 + 65*g + 27. Calculate h(-10).
1777
Let k(y) = -y**3 - 103*y**2 - 1964*y - 1106. Give k(-78).
-14
Let l(c) = 967*c**2 + 44*c - 48. Determine l(1).
963
Let f(o) = -73*o**3 - 7*o**2 + 27*o - 22. Determine f(2).
-580
Let d(h) = -52*h**3 + 135*h**2 - 21*h + 73. Determine d(3).
-179
Let f(d) = 93*d**2 - 47612*d - 2083. Give f(512).
-35
Let x(o) = o**3 - 64*o**2 + 1020*o + 6830. Determine x(-5).
5
Let a(d) = -3*d**3 + 203*d**2 - 2733*d - 542. Calculate a(49).
-3
Let j(n) = 18753*n - 150267. Give j(8).
-243
Let r(y) = -120*y**2 + 4353*y - 1201. What is r(36)?
-13
Let t(d) = 27*d**2 + 4291*d + 78223. Determine t(-21).
19
Let q(g) = -9*g**3 - 21*g**2 - 17*g - 32. Give q(-4).
276
Let l(h) = -8*h**3 + 16*h**2 - 24248*h + 48493. Determine l(2).
-3
Let z(m) = -2341*m**2 - 6977*m - 14. Determine z(-3).
-152
Let y(k) = k**3 + 213*k**2 + 1027*k - 33. What is y(-5)?
32
Let i(d) = 279*d + 49455. Give i(-177).
72
Let c(q) = 14974*q - 224543. What is c(15)?
67
Let f(i) = 123*i**2 + 10210*i + 13. Give f(-83).
-70
Let y(u) = -2*u**3 + 11*u**2 - 2121*u + 12722. Give y(6).
-40
Let v(y) = 110737*y + 110731. Calculate v(-1).
-6
Let v(u) = -2*u**2 - 11584*u - 254597. Calculate v(-22).
-717
Let d(w) = 3*w**2 + 25*w + 15. Give d(-6).
-27
Let l(r) = -192*r - 11467. Calculate l(-63).
629
Let u(p) = -p**3 + 13*p**2 - 1324*p + 17196. Determine u(13).
-16
Let x(a) = -4*a**3 + 150*a**2 - 89*a - 53. Calculate x(37).
-608
Let w(o) = 3*o**3 + 83*o**2 - 857*o + 18. What is w(8)?
10
Let o(j) = j**2 + 163*j - 718. Calculate o(-140).
-3938
Let i(n) = 2*n**3 - 718*n**2 - 600*n - 43207. Give i(360).
-7
Let p(q) = -12645*q - 265529. What is p(-21)?
16
Let w(q) = 2*q**2 - 315*q + 4678. Calculate w(15).
403
Let j(k) = -3103*k - 291680. Calculate j(-94).
2
Let v(h) = -h**3 + 40*h**2 - 108*h + 2084. Determine v(39).
-607
Let l(i) = i**3 - 729*i**2 + 2140*i + 27595. Calculate l(726).
7
Let x(f) = -537*f - 3439. Give x(-6).
-217
Let w(s) = -6*s**3 + 447*s**2 + 467*s + 19. Calculate w(-1).
5
Let h(i) = 791*i**2 + 6209*i - 3. Calculate h(-8).
949
Let l(o) = -422*o - 330. Determine l(-11).
4312
Let s(m) = 75*m - 12001. What is s(151)?
-676
Let n(b) = b**3 + 7*b**2 - 24584*b - 270009. Calculate n(-11).
-69
Let j(f) = f**2 - 89*f + 114. Calculate j(88).
26
Let g(k) = -2*k**2 - 148*k + 2386. What is g(-87)?
124
Let r(o) = 8*o**3 - 4*o**2 - 133*o - 521. Calculate r(-4).
-565
Let u(g) = 793*g**2 - 4861*g + 627. Calculate u(6).
9
Let z(q) = -42595*q + 85006. Give z(2).
-184
Let j(s) = -701*s + 265864. Calculate j(379).
185
Let b(i) = -2*i**2 - 35*i + 1244. Determine b(-38).
-314
Let d(w) = 17209*w + 8501258. Give d(-494).
12
Let i(s) = s**2 + 2612*s - 28931. Determine i(11).
-78
Let k(c) = 146597*c - 2492142. Determine k(17).
7
Let m(x) = x**2 + 3365*x + 818660. Give m(-264).
-4
Let c(r) = -60*r**2 - 9899*r + 204. What is c(-165)?
39
Let y(h) = h**2 - 301447*h + 15069853. What is y(50)?
3
Let b(j) = -1105*j - 1041. Determine b(-1).
64
Let i(v) = -34*v**2 + 190*v - 74. Determine i(8).
-730
Let n(m) = m**3 - 12*m**2 - 121*m - 78. Give n(-5).
102
Let q(b) = -15*b**2 + 368*b + 806956. Determine q(-220).
-4
Let p(k) = 199*k**2 - 1292*k + 591. Determine p(6).
3
Let l(j) = j**3 - j**2 - 20*j - 126. Determine l(0).
-126
Let c(j) = -j**3 - 4*j**2 + 30*j + 9. Give c(3).
36
Let t(w) = -1974*w + 230946. Determine t(117).
-12
Let q(f) = -1846*f - 520429. Give q(-282).
143
Let z(b) = -b**3 + 129*b**2 - 1880*b - 104. Calculate z(17).
304
Let a(g) = g**2 - 96708*g - 290136. What is a(-3)?
-3
Let y(q) = -2*q**2 - 434*q - 23533. What is y(-112)?
-13
Let f(s) = 11*s + 237. What is f(-21)?
6
Let r(i) = i**3 + 106*i**2 + 250*i + 2784. Calculate r(-104).
-1584
Let s(i) = 17*i**2 + 774*i - 77. Determine s(-43).
-1